ions digit of 1330565?
1
What is the ten thousands digit of 6637002?
3
What is the tens digit of 5374224?
2
What is the millions digit of 20974682?
0
What is the ten thousands digit of 16377357?
7
What is the hundred thousands digit of 147747?
1
What is the ten thousands digit of 14312?
1
What is the hundred thousands digit of 1128077?
1
What is the hundred thousands digit of 388055?
3
What is the hundreds digit of 18780?
7
What is the units digit of 177865?
5
What is the ten thousands digit of 187685?
8
What is the units digit of 186730?
0
What is the ten thousands digit of 42924?
4
What is the thousands digit of 8373492?
3
What is the units digit of 80912?
2
What is the thousands digit of 1658201?
8
What is the millions digit of 8811381?
8
What is the thousands digit of 84844?
4
What is the hundred thousands digit of 1091116?
0
What is the thousands digit of 107815?
7
What is the units digit of 23907361?
1
What is the units digit of 443640?
0
What is the units digit of 326165?
5
What is the units digit of 206801?
1
What is the hundred thousands digit of 1999262?
9
What is the ten thousands digit of 8060028?
6
What is the thousands digit of 2253027?
3
What is the hundreds digit of 2718048?
0
What is the hundreds digit of 25292?
2
What is the tens digit of 181900?
0
What is the units digit of 835963?
3
What is the hundreds digit of 293018?
0
What is the millions digit of 15061149?
5
What is the millions digit of 2828222?
2
What is the ten thousands digit of 50776?
5
What is the ten thousands digit of 897148?
9
What is the tens digit of 3314025?
2
What is the hundred thousands digit of 1694296?
6
What is the units digit of 3411156?
6
What is the units digit of 4593183?
3
What is the ten thousands digit of 1080488?
8
What is the tens digit of 7073169?
6
What is the millions digit of 2210485?
2
What is the ten thousands digit of 13600?
1
What is the hundreds digit of 1674551?
5
What is the millions digit of 1578697?
1
What is the tens digit of 1049937?
3
What is the units digit of 61782?
2
What is the thousands digit of 337701?
7
What is the units digit of 6018424?
4
What is the millions digit of 3621114?
3
What is the units digit of 497229?
9
What is the tens digit of 126151?
5
What is the thousands digit of 416476?
6
What is the millions digit of 1137465?
1
What is the hundred thousands digit of 225511?
2
What is the tens digit of 263364?
6
What is the tens digit of 218398?
9
What is the ten thousands digit of 785787?
8
What is the ten thousands digit of 81284?
8
What is the tens digit of 987711?
1
What is the thousands digit of 558717?
8
What is the hundreds digit of 565395?
3
What is the units digit of 14809106?
6
What is the hundred thousands digit of 1109502?
1
What is the hundreds digit of 660363?
3
What is the hundred thousands digit of 6064428?
0
What is the thousands digit of 5536449?
6
What is the units digit of 244628?
8
What is the tens digit of 245267?
6
What is the units digit of 6265674?
4
What is the hundreds digit of 85657?
6
What is the hundreds digit of 474729?
7
What is the units digit of 943037?
7
What is the hundreds digit of 14367119?
1
What is the hundreds digit of 1633469?
4
What is the tens digit of 113589?
8
What is the hundred thousands digit of 3804311?
8
What is the hundred thousands digit of 577435?
5
What is the tens digit of 8793986?
8
What is the hundreds digit of 4417868?
8
What is the millions digit of 25996208?
5
What is the ten thousands digit of 19719670?
1
What is the thousands digit of 3237766?
7
What is the ten thousands digit of 3698012?
9
What is the hundreds digit of 1426489?
4
What is the tens digit of 21550769?
6
What is the units digit of 1034937?
7
What is the thousands digit of 188648?
8
What is the hundreds digit of 509689?
6
What is the units digit of 153939?
9
What is the units digit of 567939?
9
What is the thousands digit of 6813?
6
What is the units digit of 6012203?
3
What is the units digit of 256439?
9
What is the tens digit of 1656637?
3
What is the tens digit of 783881?
8
What is the units digit of 260588?
8
What is the ten thousands digit of 16257245?
5
What is the thousands digit of 116412?
6
What is the hundreds digit of 7651158?
1
What is the tens digit of 30582?
8
What is the hundred thousands digit of 642513?
6
What is the ten thousands digit of 1324779?
2
What is the ten thousands digit of 478502?
7
What is the units digit of 80910?
0
What is the millions digit of 3782749?
3
What is the millions digit of 1680481?
1
What is the units digit of 25650766?
6
What is the ten thousands digit of 9261072?
6
What is the hundreds digit of 838000?
0
What is the thousands digit of 12351515?
1
What is the millions digit of 12710705?
2
What is the hundreds digit of 27518660?
6
What is the millions digit of 2104076?
2
What is the hundreds digit of 15635822?
8
What is the thousands digit of 8685190?
5
What is the thousands digit of 750718?
0
What is the hundred thousands digit of 5568100?
5
What is the units digit of 31863?
3
What is the hundred thousands digit of 2979087?
9
What is the tens digit of 173976?
7
What is the hundred thousands digit of 1049480?
0
What is the hundreds digit of 1877308?
3
What is the thousands digit of 19444721?
4
What is the tens digit of 4148371?
7
What is the tens digit of 190594?
9
What is the units digit of 10198634?
4
What is the thousands digit of 1390284?
0
What is the hundred thousands digit of 12822307?
8
What is the thousands digit of 2835057?
5
What is the units digit of 25314122?
2
What is the ten thousands digit of 5359929?
5
What is the thousands digit of 4191567?
1
What is the units digit of 6767453?
3
What is the hundred thousands digit of 3146525?
1
What is the tens digit of 153999?
9
What is the ten thousands digit of 124657?
2
What is the hundreds digit of 3733913?
9
What is the units digit of 2667430?
0
What is the ten thousands digit of 84120?
8
What is the units digit of 454496?
6
What is the hundred thousands digit of 1056438?
0
What is the ten thousands digit of 11557749?
5
What is the millions digit of 2567749?
2
What is the ten thousands digit of 2308772?
0
What is the thousands digit of 336117?
6
What is the thousands digit of 1556421?
6
What is the millions digit of 18836960?
8
What is the thousands digit of 655886?
5
What is the hundred thousands digit of 694081?
6
What is the thousands digit of 394146?
4
What is the ten thousands digit of 685750?
8
What is the hundreds digit of 84540?
5
What is the thousands digit of 82063?
2
What is the ten thousands digit of 189866?
8
What is the hundred thousands digit of 534284?
5
What is the hundred thousands digit of 15623853?
6
What is the units digit of 7503008?
8
What is the thousands digit of 382783?
2
What is the tens digit of 11369048?
4
What is the hundreds digit of 4005832?
8
What is the units digit of 1011301?
1
What is the tens digit of 1266223?
2
What is the hundred thousands digit of 144203?
1
What is the hundred thousands digit of 4796122?
7
What is the ten thousands digit of 88903?
8
What is the ten thousands digit of 440044?
4
What is the units digit of 187318?
8
What is the thousands digit of 376210?
6
What is the units digit of 336729?
9
What is the thousands digit of 476758?
6
What is the thousands digit of 710165?
0
What is the ten thousands digit of 1805413?
0
What is the thousands digit of 11030933?
0
What is the units digit of 484630?
0
What is the units digit of 1508910?
0
What is the ten thousands digit of 193669?
9
What is the thousands digit of 5903945?
3
What is the ten thousands digit of 7721173?
2
What is the ten thousands digit of 20709?
2
What is the hundreds digit of 313790?
7
What is the hundred thousands digit of 210293?
2
What is the tens digit of 34646?
4
What is the hundreds digit of 1892263?
2
What is the units digit of 608741?
1
What is the thousands digit of 225763?
5
What is the millions digit of 3337712?
3
What is the units digit of 75844?
4
What is the hundreds digit of 474358?
3
What is the hundred thousands digit of 34418061?
4
What is the hundreds digit of 613591?
5
What is the hundreds digit of 1600207?
2
What is the units digit of 1965018?
8
What is the ten thousands digit of 116120?
1
What is the ten thousands digit of 299887?
9
What is the tens